{"id":10448,"date":"2018-11-27T11:55:44","date_gmt":"2018-11-27T11:55:44","guid":{"rendered":"https:\/\/prodrun.com\/erp\/?page_id=10448"},"modified":"2018-12-07T10:50:22","modified_gmt":"2018-12-07T10:50:22","slug":"uretim-yonetimi","status":"publish","type":"page","link":"https:\/\/prodrun.com\/erp\/ozellikler\/uretim-yonetimi\/","title":{"rendered":"\u00dcretim Y\u00f6netimi"},"content":{"rendered":"<p style=\"font-size:16px\">M\u00fc\u015fteri sipari\u015finiz ve sat\u0131n alma sipari\u015finiz tamamland\u0131\u011f\u0131 zaman, \u00fcretilecek par\u00e7a i\u00e7in \u00fcretime i\u015f emri a\u00e7man\u0131z gerekir. Bu i\u015f emrindeki miktar ve termin tarihi bilgisi m\u00fc\u015fterinin sipari\u015fine veya stok ihtiya\u00e7lar\u0131n\u0131za ba\u011fl\u0131d\u0131r. \u00dcretim i\u015f emrindeki operasyonlar, \u00fcr\u00fcn\u00fcn re\u00e7etesinde tan\u0131ml\u0131 oldu\u011fu i\u00e7in haz\u0131r gelir.<\/p>\n<p style=\"font-size:16px\">\u0130\u015f emrini a\u00e7t\u0131ktan sonra ayr\u0131ca i\u015f istasyonlar\u0131 i\u00e7in \u00fcretim planlama mod\u00fcl\u00fcn\u00fc kullanabilir, i\u015flerin s\u0131ras\u0131n\u0131 belirleyebilirsiniz. Fason \u00fcretim takibini de ayn\u0131 \u015fekilde \u00dcretim mod\u00fcl\u00fcn\u00fcn alt\u0131nda yapabilirsiniz. Tedarik\u00e7iye g\u00f6nderilen veya gelen t\u00fcm operasyonlar\u0131 anl\u0131k g\u00f6rebilirsiniz. Bu bilgiler operat\u00f6r taraf\u0131ndan da g\u00f6r\u00fcl\u00fcr.<\/p>\n<p style=\"font-size:16px\">Devam eden bir operasyon 5 farkl\u0131 durumda olabilir. Bunlar;<\/p>\n<h3><span style=\"color: #ffcc00;\"><strong>1. S\u0131rada Bekliyor<br \/>\n<\/strong><\/span><span style=\"color: #800080;\"><strong>2. Haz\u0131rl\u0131k (Ayar) A\u015famas\u0131nda<br \/>\n<\/strong><\/span><span style=\"color: #0000ff;\"><strong>3. \u0130\u015flemde<br \/>\n<\/strong><\/span><span style=\"color: #ff0000;\"><strong>4. Duru\u015fa Ge\u00e7ti<br \/>\n<span style=\"color: #339966;\">5. Tamamland\u0131<\/span><\/strong><\/span><\/h3>\n<p style=\"font-size:16px\">Nerede olursan\u0131z olun, operasyonlar\u0131n ve i\u015f istasyonlar\u0131n\u0131n anl\u0131k durumunu bilgisayar, tablet veya telefon fark etmeksizin t\u00fcm cihazlardan anl\u0131k g\u00f6rebilirsiniz.<\/p>\n<p><img loading=\"lazy\" class=\"alignnone size-large wp-image-10345\" src=\"https:\/\/prodrun.com\/erp\/wp-content\/uploads\/2016\/11\/production-management-1024x683.jpg\" alt=\"\" width=\"840\" height=\"560\" srcset=\"https:\/\/prodrun.com\/erp\/wp-content\/uploads\/2016\/11\/production-management-1024x683.jpg 1024w, https:\/\/prodrun.com\/erp\/wp-content\/uploads\/2016\/11\/production-management-300x200.jpg 300w, https:\/\/prodrun.com\/erp\/wp-content\/uploads\/2016\/11\/production-management-768x512.jpg 768w, https:\/\/prodrun.com\/erp\/wp-content\/uploads\/2016\/11\/production-management-480x321.jpg 480w, https:\/\/prodrun.com\/erp\/wp-content\/uploads\/2016\/11\/production-management.jpg 1170w\" sizes=\"(max-width: 840px) 100vw, 840px\" \/><\/p>\n<hr>\n<p style=\"font-size:16px\">Prodrun&#8217;\u0131n izlenebilirlik ilkesiyle tasarlad\u0131\u011f\u0131 \u00f6nemli i\u015fletme s\u00fcre\u00e7lerini a\u015fa\u011f\u0131daki grafikte g\u00f6rebilirsiniz.<br \/>\n<img loading=\"lazy\" class=\"alignnone wp-image-10652\" src=\"https:\/\/prodrun.com\/erp\/wp-content\/uploads\/2018\/12\/surec_daireler.jpg\" alt=\"\" width=\"555\" height=\"536\"><\/p>\n<hr>\n","protected":false},"excerpt":{"rendered":"<p>M\u00fc\u015fteri sipari\u015finiz ve sat\u0131n alma sipari\u015finiz tamamland\u0131\u011f\u0131 zaman, \u00fcretilecek par\u00e7a i\u00e7in \u00fcretime i\u015f emri a\u00e7man\u0131z gerekir. Bu i\u015f emrindeki miktar ve termin tarihi bilgisi m\u00fc\u015fterinin sipari\u015fine veya stok ihtiya\u00e7lar\u0131n\u0131za ba\u011fl\u0131d\u0131r. \u00dcretim i\u015f emrindeki operasyonlar, \u00fcr\u00fcn\u00fcn re\u00e7etesinde tan\u0131ml\u0131 oldu\u011fu i\u00e7in haz\u0131r gelir. \u0130\u015f emrini a\u00e7t\u0131ktan sonra ayr\u0131ca i\u015f istasyonlar\u0131 i\u00e7in \u00fcretim planlama mod\u00fcl\u00fcn\u00fc kullanabilir, i\u015flerin s\u0131ras\u0131n\u0131&hellip;<\/p>\n","protected":false},"author":1,"featured_media":0,"parent":10430,"menu_order":0,"comment_status":"closed","ping_status":"closed","template":"","meta":[],"_links":{"self":[{"href":"https:\/\/prodrun.com\/erp\/wp-json\/wp\/v2\/pages\/10448"}],"collection":[{"href":"https:\/\/prodrun.com\/erp\/wp-json\/wp\/v2\/pages"}],"about":[{"href":"https:\/\/prodrun.com\/erp\/wp-json\/wp\/v2\/types\/page"}],"author":[{"embeddable":true,"href":"https:\/\/prodrun.com\/erp\/wp-json\/wp\/v2\/users\/1"}],"replies":[{"embeddable":true,"href":"https:\/\/prodrun.com\/erp\/wp-json\/wp\/v2\/comments?post=10448"}],"version-history":[{"count":4,"href":"https:\/\/prodrun.com\/erp\/wp-json\/wp\/v2\/pages\/10448\/revisions"}],"predecessor-version":[{"id":10728,"href":"https:\/\/prodrun.com\/erp\/wp-json\/wp\/v2\/pages\/10448\/revisions\/10728"}],"up":[{"embeddable":true,"href":"https:\/\/prodrun.com\/erp\/wp-json\/wp\/v2\/pages\/10430"}],"wp:attachment":[{"href":"https:\/\/prodrun.com\/erp\/wp-json\/wp\/v2\/media?parent=10448"}],"curies":[{"name":"wp","href":"https:\/\/api.w.org\/{rel}","templated":true}]}}