{"id":10499,"date":"2018-11-27T19:09:30","date_gmt":"2018-11-27T19:09:30","guid":{"rendered":"https:\/\/prodrun.com\/erp\/?page_id=10499"},"modified":"2019-11-22T07:17:27","modified_gmt":"2019-11-22T07:17:27","slug":"bize-ulasin","status":"publish","type":"page","link":"https:\/\/prodrun.com\/erp\/bize-ulasin\/","title":{"rendered":"\u0130leti\u015fim"},"content":{"rendered":"<p>[vc_row css=&#8221;.vc_custom_1543101088559{padding-top: 60px !important;}&#8221;][vc_column]<div class=\"section-title title-block title-style-1 text-left\"><span class=\"top-title\"><\/span><h2 class=\"title\">Bize Yaz\u0131n<\/h2><div class=\"sub-title\">Size en k\u0131sa s\u00fcrede d\u00f6n\u00fc\u015f yapaca\u011f\u0131z<\/div><span class=\"bottom-title\"><\/span><\/div>[\/vc_column][\/vc_row][vc_row css=&#8221;.vc_custom_1479094605827{padding-top: 60px !important;padding-bottom: 100px !important;}&#8221;][vc_column]<div class=\"amwal-contact-form \">\n\t\t\t\t<div role=\"form\" class=\"wpcf7\" id=\"wpcf7-f10490-o1\" lang=\"en-US\" dir=\"ltr\">\n<div class=\"screen-reader-response\"><\/div>\n<form action=\"\/erp\/wp-json\/wp\/v2\/pages\/10499#wpcf7-f10490-o1\" method=\"post\" class=\"wpcf7-form\" novalidate=\"novalidate\">\n<div style=\"display: none;\">\n<input type=\"hidden\" name=\"_wpcf7\" value=\"10490\" \/>\n<input type=\"hidden\" name=\"_wpcf7_version\" value=\"5.1.1\" \/>\n<input type=\"hidden\" name=\"_wpcf7_locale\" value=\"en_US\" \/>\n<input type=\"hidden\" name=\"_wpcf7_unit_tag\" value=\"wpcf7-f10490-o1\" \/>\n<input type=\"hidden\" name=\"_wpcf7_container_post\" value=\"0\" \/>\n<input type=\"hidden\" name=\"g-recaptcha-response\" value=\"\" \/>\n<\/div>\n<p><span class=\"wpcf7-form-control-wrap your-name\"><input type=\"text\" name=\"your-name\" value=\"\" size=\"40\" class=\"wpcf7-form-control wpcf7-text wpcf7-validates-as-required\" aria-required=\"true\" aria-invalid=\"false\" placeholder=\"\u0130sminiz\" \/><\/span><br \/>\n   <span class=\"wpcf7-form-control-wrap menu-218\"><select name=\"menu-218\" class=\"wpcf7-form-control wpcf7-select\" aria-invalid=\"false\"><option value=\"Bir konu hakk\u0131nda g\u00f6r\u00fc\u015fmek istiyorum\">Bir konu hakk\u0131nda g\u00f6r\u00fc\u015fmek istiyorum<\/option><option value=\"Bir \u015fey sormak istiyorum\">Bir \u015fey sormak istiyorum<\/option><\/select><\/span><br \/>\n   <span class=\"wpcf7-form-control-wrap your-email\"><input type=\"email\" name=\"your-email\" value=\"\" size=\"40\" class=\"wpcf7-form-control wpcf7-text wpcf7-email wpcf7-validates-as-required wpcf7-validates-as-email\" aria-required=\"true\" aria-invalid=\"false\" placeholder=\"Email\" \/><\/span><br \/>\n   <span class=\"wpcf7-form-control-wrap textarea-83\"><textarea name=\"textarea-83\" cols=\"40\" rows=\"10\" class=\"wpcf7-form-control wpcf7-textarea wpcf7-validates-as-required\" aria-required=\"true\" aria-invalid=\"false\" placeholder=\"Mesaj\u0131n\u0131z\"><\/textarea><\/span><\/p>\n<div class=\"btn-submit\">\n   <input type=\"submit\" value=\"G\u00f6nder\" class=\"wpcf7-form-control wpcf7-submit\" \/>\n<\/div>\n<div class=\"wpcf7-response-output wpcf7-display-none\"><\/div><\/form><\/div>\n\t\t\t<\/div>[\/vc_column][\/vc_row]<\/p>\n","protected":false},"excerpt":{"rendered":"<p>[vc_row css=&#8221;.vc_custom_1543101088559{padding-top: 60px !important;}&#8221;][vc_column][\/vc_column][\/vc_row][vc_row css=&#8221;.vc_custom_1479094605827{padding-top: 60px !important;padding-bottom: 100px !important;}&#8221;][vc_column][\/vc_column][\/vc_row]<\/p>\n","protected":false},"author":1,"featured_media":0,"parent":0,"menu_order":0,"comment_status":"closed","ping_status":"closed","template":"template-full-width.php","meta":[],"_links":{"self":[{"href":"https:\/\/prodrun.com\/erp\/wp-json\/wp\/v2\/pages\/10499"}],"collection":[{"href":"https:\/\/prodrun.com\/erp\/wp-json\/wp\/v2\/pages"}],"about":[{"href":"https:\/\/prodrun.com\/erp\/wp-json\/wp\/v2\/types\/page"}],"author":[{"embeddable":true,"href":"https:\/\/prodrun.com\/erp\/wp-json\/wp\/v2\/users\/1"}],"replies":[{"embeddable":true,"href":"https:\/\/prodrun.com\/erp\/wp-json\/wp\/v2\/comments?post=10499"}],"version-history":[{"count":6,"href":"https:\/\/prodrun.com\/erp\/wp-json\/wp\/v2\/pages\/10499\/revisions"}],"predecessor-version":[{"id":11133,"href":"https:\/\/prodrun.com\/erp\/wp-json\/wp\/v2\/pages\/10499\/revisions\/11133"}],"wp:attachment":[{"href":"https:\/\/prodrun.com\/erp\/wp-json\/wp\/v2\/media?parent=10499"}],"curies":[{"name":"wp","href":"https:\/\/api.w.org\/{rel}","templated":true}]}}